{"id":176,"date":"2022-10-24T18:13:18","date_gmt":"2022-10-24T18:13:18","guid":{"rendered":"https:\/\/cpc.webhostusp.sti.usp.br\/?page_id=176"},"modified":"2026-03-17T21:56:16","modified_gmt":"2026-03-17T21:56:16","slug":"equipe","status":"publish","type":"page","link":"https:\/\/cpc.webhostusp.sti.usp.br\/index.php\/equipe\/","title":{"rendered":"Equipe"},"content":{"rendered":"\n<h2 class=\"wp-block-heading\">Universidade de S\u00e3o Paulo<\/h2>\n\n\n\n<p><strong>Reitor<\/strong><br>Alu\u00edsio Augusto Cotrim Segurado <\/p>\n\n\n\n<p><strong>Vice-reitora<\/strong><br>Liedi L\u00e9gi Bariani Bernucci<\/p>\n\n\n\n<h2 class=\"wp-block-heading\">Pr\u00f3-Reitoria de Cultura e Extens\u00e3o Universit\u00e1ria<\/h2>\n\n\n\n<p><strong>Pr\u00f3-Reitor de Cultura e Extens\u00e3o Universit\u00e1ria<\/strong><br>Am\u00e2ncio Jorge Silva Nunes de Oliveira<\/p>\n\n\n\n<p><strong>Pr\u00f3-Reitor Adjunto de Cultura e Extens\u00e3o Universit\u00e1ria<\/strong><br>Iran Jos\u00e9 Oliveira da Silva<\/p>\n\n\n\n<h2 class=\"wp-block-heading\">Centro de Preserva\u00e7\u00e3o Cultural<\/h2>\n\n\n\n<p><strong>Diretora<\/strong><br>Clarissa Maria Rosa Gagliardi<\/p>\n\n\n\n<p><strong>Vice-diretora<\/strong><br>Joana D\u2019Arc de Oliveira<\/p>\n\n\n\n<h3 class=\"wp-block-heading\">Equipe<\/h3>\n\n\n\n<p><strong>Assistente de dire\u00e7\u00e3o<\/strong><br>Bruna Gabriela Elias<br><em>cpcadm@usp.br<\/em><\/p>\n\n\n\n<p><strong>Analista de comunica\u00e7\u00e3o<\/strong><br>Eduardo Kishimoto<br><em>ek@usp.br<\/em><\/p>\n\n\n\n<p><strong>Educadora<\/strong><br>Maria del Carmen Hermida Martinez Ruiz<br><em>mchmruiz@usp.br <\/em><\/p>\n\n\n\n<p><strong>Especialistas em laborat\u00f3rio<\/strong><br>Ana C\u00e9lia de Moura<br><em>anacm@usp.br<\/em><\/p>\n\n\n\n<p>Gabriel de Andrade Fernandes<br><em>cpc3@usp.br<\/em><\/p>\n\n\n\n<p><strong>T\u00e9cnico administrativo<\/strong><br>Dayane In\u00e1cio de Oliveira<br>cpc@usp.br<\/p>\n\n\n\n<p><strong>T\u00e9cnico de manuten\u00e7\u00e3o\/obras<\/strong><br>Jose Marcos Gon\u00e7alves<\/p>\n","protected":false},"excerpt":{"rendered":"<p>Universidade de S\u00e3o Paulo ReitorAlu\u00edsio Augusto Cotrim Segurado Vice-reitoraLiedi L\u00e9gi Bariani Bernucci Pr\u00f3-Reitoria de Cultura e Extens\u00e3o Universit\u00e1ria Pr\u00f3-Reitor de Cultura e Extens\u00e3o Universit\u00e1riaAm\u00e2ncio Jorge Silva Nunes de Oliveira Pr\u00f3-Reitor Adjunto de Cultura e Extens\u00e3o Universit\u00e1riaIran Jos\u00e9 Oliveira da Silva Centro de Preserva\u00e7\u00e3o Cultural DiretoraClarissa Maria Rosa Gagliardi Vice-diretoraJoana D\u2019Arc de Oliveira Equipe Assistente de &hellip; <\/p>\n<p class=\"link-more\"><a href=\"https:\/\/cpc.webhostusp.sti.usp.br\/index.php\/equipe\/\" class=\"more-link\">Continue reading<span class=\"screen-reader-text\"> &#8220;Equipe&#8221;<\/span><\/a><\/p>\n","protected":false},"author":2,"featured_media":0,"parent":0,"menu_order":0,"comment_status":"closed","ping_status":"closed","template":"","meta":{"_mi_skip_tracking":false,"footnotes":""},"_links":{"self":[{"href":"https:\/\/cpc.webhostusp.sti.usp.br\/index.php\/wp-json\/wp\/v2\/pages\/176"}],"collection":[{"href":"https:\/\/cpc.webhostusp.sti.usp.br\/index.php\/wp-json\/wp\/v2\/pages"}],"about":[{"href":"https:\/\/cpc.webhostusp.sti.usp.br\/index.php\/wp-json\/wp\/v2\/types\/page"}],"author":[{"embeddable":true,"href":"https:\/\/cpc.webhostusp.sti.usp.br\/index.php\/wp-json\/wp\/v2\/users\/2"}],"replies":[{"embeddable":true,"href":"https:\/\/cpc.webhostusp.sti.usp.br\/index.php\/wp-json\/wp\/v2\/comments?post=176"}],"version-history":[{"count":11,"href":"https:\/\/cpc.webhostusp.sti.usp.br\/index.php\/wp-json\/wp\/v2\/pages\/176\/revisions"}],"predecessor-version":[{"id":1156,"href":"https:\/\/cpc.webhostusp.sti.usp.br\/index.php\/wp-json\/wp\/v2\/pages\/176\/revisions\/1156"}],"wp:attachment":[{"href":"https:\/\/cpc.webhostusp.sti.usp.br\/index.php\/wp-json\/wp\/v2\/media?parent=176"}],"curies":[{"name":"wp","href":"https:\/\/api.w.org\/{rel}","templated":true}]}}